*2 - 33*r - 16. Calculate o(17).
1
Let w(k) = -k**2 - 12*k + 1053. Determine w(-39).
0
Let l(y) = -y**3 - 6*y**2 - 5*y - 7. Determine l(-6).
23
Let o(j) = 2*j + 25. Calculate o(-16).
-7
Let b(j) = -2*j**2 + 4*j + 4. Give b(4).
-12
Let r(o) = -o**3 - 16*o**2 - 12*o + 44. Calculate r(-15).
-1
Let j(i) = -i**3 + 16*i**2 - 4. Give j(16).
-4
Let h(a) = a**3 - 12*a**2 + 11*a + 8. What is h(11)?
8
Let r(a) = 2*a - 48. What is r(0)?
-48
Let y(n) = -21*n - 11. Give y(-5).
94
Let u(k) = k**2 - 15*k + 1. What is u(11)?
-43
Let n(u) = u**3 + 17*u**2 + 2*u + 29. Determine n(-17).
-5
Let t(m) = 721*m + 1437. Give t(-2).
-5
Let m(h) = -h**3 - 4*h**2 + 4*h + 8. What is m(-5)?
13
Let y(j) = 5*j + 3. Give y(-4).
-17
Let q(h) = h**3 + h**2 + h + 3. Determine q(-3).
-18
Let g(l) = -l**3 + 4*l**2 - 5*l + 3. Calculate g(3).
-3
Let u(j) = -42*j - 4. Determine u(-2).
80
Let o(f) = 15*f + 32. Determine o(-2).
2
Let u(z) = -z**2 + 10*z - 12. Give u(9).
-3
Let i(o) = 4*o - 2. What is i(6)?
22
Let k(m) = -m**3 - 5*m**2 - 7*m - 9. Calculate k(-6).
69
Let x(w) = 3*w - 51. What is x(21)?
12
Let j(k) = 4*k + 49. Determine j(-8).
17
Let k(n) = -n**3 + 31*n**2 + n - 1. Calculate k(31).
30
Let z(s) = s**3 - 14*s**2 - 12*s - 9. What is z(15)?
36
Let r(d) = -d**3 + 12*d**2 + 13*d - 10. Calculate r(13).
-10
Let c(u) = u**2 + 7*u - 15. Calculate c(-9).
3
Let u(q) = -q**3 - 4*q**2 - 2*q - 6. Calculate u(-4).
2
Let d(p) = -2*p**3 + 7*p**2 - 2*p - 5. What is d(3)?
-2
Let d(b) = -6*b - 7. Determine d(9).
-61
Let r(m) = -m**2 + 9*m - 5. Determine r(8).
3
Let c(k) = 15*k**2 - 1. Give c(-2).
59
Let r(q) = -11*q + 50. Calculate r(8).
-38
Let x(r) = r**2 - 10*r + 13. Calculate x(6).
-11
Let f(r) = -2*r**3 - 30*r**2 + 7*r + 102. Give f(-15).
-3
Let r(c) = 3*c**3 - c**2 + 2*c + 1. Calculate r(2).
25
Let i(m) = 14*m + 80. Determine i(-6).
-4
Let h(i) = i**3 + i**2 + 3*i + 6. Give h(-3).
-21
Let h(q) = 101*q - 2. Calculate h(1).
99
Let b(r) = -r**2 - 9*r + 37. Determine b(-13).
-15
Let o(c) = c**3 + 3*c**2 - 5*c - 4. Determine o(-4).
0
Let c(m) = 3*m - 19. Give c(8).
5
Let g(r) = -r + 15. Determine g(0).
15
Let c(o) = 2*o**3 + 8*o**2 + o - 4. Give c(-4).
-8
Let f(q) = -4*q - 6. What is f(11)?
-50
Let a(y) = 2*y + 3. Give a(-1).
1
Let q(p) = p**2 + 6*p + 1. Give q(-2).
-7
Let r(b) = 3*b**2 + 10*b - 12. Calculate r(-5).
13
Let i(n) = n**2 + 9*n + 6. Determine i(-8).
-2
Let b(r) = -r - 8. Calculate b(10).
-18
Let u(s) = -s**2 - 7*s + 24. Determine u(-10).
-6
Let k(o) = -4*o + 5. Calculate k(-6).
29
Let p(r) = -r**3 - r**2 + r. What is p(0)?
0
Let q(i) = -i**3 - 8*i**2 - 2*i - 11. Determine q(-8).
5
Let o(t) = t**3 + 5*t**2 - 6*t + 2. What is o(-6)?
2
Let f(r) = -2*r**3 - 13*r**2 + 33*r + 1. Calculate f(-9).
109
Let b(j) = -j + 20. Calculate b(11).
9
Let j(o) = -50*o**2 + 2*o - 3. What is j(1)?
-51
Let l(g) = -44*g + 7. Calculate l(1).
-37
Let r(j) = -2*j - 13. Give r(4).
-21
Let y(b) = -21*b + 3. Determine y(1).
-18
Let j(z) = -z**2 + 14*z - 41. Calculate j(3).
-8
Let z(n) = -11*n**3 + n**2 - 12*n - 13. Determine z(-1).
11
Let l(v) = -2*v - 9. What is l(-7)?
5
Let u(l) = -l**3 + 5*l**2 + 7*l + 7. What is u(7)?
-42
Let z(j) = j**2 + j - 3. Calculate z(-7).
39
Let j(w) = -w**3 + 3*w**2 - w + 4. Calculate j(2).
6
Let f(u) = -5*u - 30. Give f(-17).
55
Let y(o) = -2*o**3 + 7*o**2 - 14*o + 12. Determine y(2).
-4
Let k(m) = 3*m**2 + 7*m + 2. Give k(-3).
8
Let d(h) = -h**3 - 18*h**2 + 39*h - 15. Calculate d(-20).
5
Let o(x) = -2*x**2 + 22*x - 16. Give o(11).
-16
Let f(o) = 6*o - 6. Give f(-2).
-18
Let r(o) = -51*o - 12. Give r(3).
-165
Let b(p) = 64*p - 312. Give b(5).
8
Let o(l) = 182*l - 1643. Give o(9).
-5
Let y(x) = 3*x**2 - 15*x + 32. Determine y(3).
14
Let t(b) = 3*b**2 + 2. Determine t(-1).
5
Let r(f) = -f**3 - 4*f**2 - 5*f + 2. Give r(-4).
22
Let y(g) = -g**2 + 5. Calculate y(3).
-4
Let p(o) = 20*o - 50. What is p(8)?
110
Let z(s) = s**2 + 6*s - 8. Calculate z(-6).
-8
Let j(z) = -z**2 - 9*z + 4. Calculate j(-8).
12
Let v(o) = -o**2 + 7*o + 41. What is v(9)?
23
Let f(v) = 107*v + 3. Calculate f(-1).
-104
Let k(v) = -v**3 - 8*v**2 - 7*v - 3. What is k(-7)?
-3
Let l(b) = b**2 + 12*b - 51. What is l(-15)?
-6
Let p(f) = -5*f + 27. Calculate p(7).
-8
Let b(r) = r**3 + 2*r**2 + 9*r - 28. Give b(0).
-28
Let p(l) = -l + 6. Calculate p(0).
6
Let p(w) = -17*w + 226. Determine p(13).
5
Let w(u) = -u**2 + 12*u - 5. Determine w(11).
6
Let d(q) = 2*q + 7. Determine d(-7).
-7
Let w(f) = -f**3 - 41*f**2 - 116*f - 66. Give w(-38).
10
Let d(q) = q**3 - 7*q**2 - 2*q - 15. Determine d(7).
-29
Let o(g) = -g**3 + 25*g**2 - 45*g - 28. Give o(23).
-5
Let u(a) = a. Give u(4).
4
Let q(y) = y - 25. Determine q(11).
-14
Let d(a) = -a**2 - 5*a - 7. Calculate d(-2).
-1
Let r(k) = -2*k + 15. Calculate r(6).
3
Let m(y) = -2*y**2 + 2*y + 2. Calculate m(2).
-2
Let q(s) = -s**2 + 9*s + 11. Calculate q(9).
11
Let s(x) = x**3 - 23*x**2 - 22*x - 46. Give s(24).
2
Let y(w) = 53*w**2 - w. Determine y(1).
52
Let i(f) = 178*f - 8. Determine i(1).
170
Let l(r) = 3*r - 21. Give l(6).
-3
Let m(s) = -9*s + 14. Determine m(8).
-58
Let a(o) = o + 8. Determine a(0).
8
Let i(g) = -17*g - 10. Determine i(-2).
24
Let s(z) = -z - 13. Give s(-7).
-6
Let b(g) = g + 16. Calculate b(-5).
11
Let i(o) = o**3 + 7*o**2 - o + 4. Determine i(-7).
11
Let d(z) = z**3 - 7*z**2 + 15*z + 8. Determine d(5).
33
Let n(i) = -8*i + 93. Give n(11).
5
Let w(q) = -q**3 - 8*q**2 - 15*q - 49. What is w(-7)?
7
Let x(d) = -d**3 + 7*d**2 - 10*d + 11. What is x(4)?
19
Let u(x) = x**3 - 7*x**2 + x - 10. What is u(7)?
-3
Let p(q) = -q**3 + 19*q**2 + 4*q - 17. Determine p(19).
59
Let m(s) = -s**3 - 3*s**2 + 8*s + 6. Determine m(-5).
16
Let n(d) = 18*d - 1. Give n(1).
17
Let j(b) = -2*b + 13. Calculate j(6).
1
Let o(z) = 2*z**3 + 3*z**2 - 5*z - 4. Give o(-4).
-64
Let r(h) = -h**2 + h - 4. Calculate r(0).
-4
Let q(s) = s**3 - 3*s**2 - 9*s + 6. Determine q(4).
-14
Let x(o) = -2*o**2 - 15*o - 35. What is x(-3)?
-8
Let j(w) = -3*w - 9. What is j(-10)?
21
Let q(y) = y**3 - y**2 - 2*y - 2. Give q(2).
-2
Let h(m) = -6*m + 115. Calculate h(19).
1
Let j(s) = s**3 + 49*s**2 + 44*s - 185. Calculate j(-48).
7
Let v(j) = -j**3 + 8*j**2 + 8*j + 1. Calculate v(9).
-8
Let w(u) = u**3 - 19*u**2 + 32*u + 24. What is w(17)?
-10
Let u(o) = 2*o + 23. What is u(-8)?
7
Let c(k) = 2*k**3 - 5*k + 3. Calculate c(2).
9
Let w(r) = -r**2 + 24*r + 298. Determine w(33).
1
Let i(a) = a - 3. Calculate i(2).
-1
Let j(o) = o + 14. Give j(-13).
1
Let u(g) = -4*g + 46. Determine u(12).
-2
Let u(l) = -45*l - 486. Determine u(-11).
9
Let k(u) = 6*u - 121. Give k(10).
-61
Let r(x) = -x**2 + 42*x - 152. Determine r(4).
0
Let d(q) = -q**2 + 6*q + 6. Calculate d(7).
-1
Let t(c) = -c - 47. Calculate t(-7).
-40
Let a(s) = -s**3 - 10*s**2 - 6*s + 9. Determine a(-9).
-18
Let j(r) = -r**2 + 16*r + 185. What is j(24)?
-7
Let q(c) = c**2 - 4*c - 5. What is q(4)?
-5
Let r(d) = 2*d - 19. Calculate r(4).
-11
Let b(v) = v**3 + 6*v**2 + 11*v + 16. Determine b(-4).
4
Let r(n) = -4*n**3 - n**2 + 5*n + 3. Give r(-3).
87
Let d(k) = k**3 + 4*k**2 - 10*k + 14. Determine d(-6).
2
Let c(a) = 6*a**2 + 4*a + 5. Give c(-2).
21
Let c(j) = 3*j + 51. Give c(-16).
3
Let l(m) = -m + 45. What is l(30)?
15
Let n(i) = -i**3 + 10*i**2 - 9*i + 2. Calculate n(9).
2
Let k(v) = -v**3 - 2*v**2 - 10*v. Calculate k(-3).
39
Let k(h) = 2*h**3 - 37*h**2 - 22*h + 36. What is k(19)?
-21
Let f(m) = -m - 5. Determine f(9).
-14
Let d(n) = n**3 - n**2 - 2*n. Calculate d(2).
0
Let a(x) = -11*x - 26. Calculate a(-5).
29
Let c(w) = -w**2 - 13*w - 16. Determine c(-11).
6
Let w(y) = -y**3 + 8*y**2 + 12*y. Determine w(9).
27
Let b(o) = -8*o**2 + 525*o + 196. Give b(66).
-2
Let c(h) = -4*h**3 - 31*h**2 + 10*h + 26. What is c(-8)?
10
Let f(t) = t**2 + 10*t + 12. What is f(-9)?
3
Let i(b) = b**2 - 5*b - 15. What is i(6)?
-9
Let r(v) = -2*v**3 + 11*v**2 - 10*v - 6. Give r(4).
2
Let u(r) = -3*r + 74. Give u(0).
74
Let m(y) = y**3 + 9*y**2 + 4*y + 38. Calculate m(-10).
-102
Let s(t) = -2*t**3 - t**2 + t - 2. What is s(2)?
-20
Let w(y) = y**2 + 5*y - 5. Give w(6).
61
Let x(t) = t**3 - 5*t**2 + 6*t - 2. Determine x(2).
-2
Let n(z) = -2*z**2 - 67*z + 70. Give n(-34).
36
Let z(x) = -x**3 + 2*x**2 + 5*x + 9. Calculate z(4).
-3
Let r(n) = 3*n**3 + 2*n**2 + 4*n + 4. Calculate r(-2).
-2